 j(6)?
-479
Let p(g) = 9*g**2 + 4*g + 3. Give p(-2).
31
Let l(n) = n - 47. Give l(-7).
-54
Let y(f) = -7*f**3 - 167*f**2 + 23*f - 38. Give y(-24).
-14
Let x(t) = -18*t**2 + 19*t - 1. What is x(1)?
0
Let t(d) = -d**3 + 29*d**2 - 504*d + 2451. Calculate t(7).
1
Let k(x) = x**3 - 71*x - 33. Give k(-8).
23
Let m(o) = 328*o - 3276. Determine m(10).
4
Let b(j) = 48*j + 2442. What is b(-51)?
-6
Let d(j) = 28*j**2 - 5*j - 27. Determine d(4).
401
Let a(w) = -386*w + 17755. Determine a(46).
-1
Let s(q) = 3*q**2 + 2*q + 4. Determine s(-10).
284
Let j(y) = -18*y**2 - 11*y - 10. Calculate j(5).
-515
Let b(q) = q**2 - 232*q - 4. Give b(0).
-4
Let f(s) = -56*s**2 + 13*s - 22. Calculate f(2).
-220
Let w(l) = l**3 - 6*l**2 - 47*l + 62. Calculate w(10).
-8
Let t(g) = 43*g + 3447. What is t(-80)?
7
Let h(n) = 1137*n - 11375. What is h(10)?
-5
Let h(q) = 39*q + 2824. Calculate h(-73).
-23
Let o(g) = -12*g**2 + 120*g + 125. Determine o(11).
-7
Let k(u) = 24*u - 25. Calculate k(4).
71
Let o(i) = -34*i**3 + 182*i**2 - 53*i - 32. Give o(5).
3
Let v(p) = p**2 - 80*p + 1079. Determine v(62).
-37
Let t(h) = -h**3 + 12*h**2 + 11*h + 17. Give t(10).
327
Let l(t) = t**3 + 64*t**2 - 26*t - 1644. Give l(-64).
20
Let g(d) = -1092*d - 4170. Calculate g(-4).
198
Let n(z) = -43*z**2 + 19*z - 41. What is n(3)?
-371
Let k(j) = -63*j + 524. Determine k(8).
20
Let i(l) = -13*l**2 - 944*l + 367. Determine i(-73).
2
Let n(s) = s**3 + 3*s**2 + 73*s - 484. Calculate n(6).
278
Let u(v) = -2*v**3 - 6*v**2 - 4*v - 1. What is u(3)?
-121
Let u(d) = 491*d**2 - 5*d + 5. Give u(1).
491
Let r(y) = -577*y**3 + 2*y**2 - 2*y. Determine r(1).
-577
Let v(i) = -69*i + 189. Determine v(3).
-18
Let y(x) = 32*x**2 - 99*x + 18. Calculate y(3).
9
Let i(k) = -73*k**2 + 2441*k - 1050. Determine i(33).
6
Let d(g) = -70*g - 325. What is d(-8)?
235
Let n(w) = w**2 - 38*w + 140. Give n(34).
4
Let q(p) = -p**3 - 38*p**2 - 36*p. Calculate q(-37).
-37
Let u(y) = y**2 + 1001*y + 10903. What is u(-11)?
13
Let d(x) = -109*x - 18. Calculate d(0).
-18
Let q(l) = -7*l**2 + 91*l + 19. Give q(-5).
-611
Let l(b) = -2*b**3 - 19*b**2 - 42*b - 16. Calculate l(-6).
-16
Let q(j) = j**2 - 11*j - 1491. Calculate q(-33).
-39
Let h(v) = 116*v + 1069. Determine h(-7).
257
Let z(b) = -b**2 + 81*b - 69. Calculate z(80).
11
Let b(u) = 13*u**2 + 2559*u - 401. Calculate b(-197).
-7
Let n(q) = q**3 - 6*q**2 + 15*q + 29. Determine n(4).
57
Let m(p) = p**3 + 16*p**2 - 604*p - 9898. Give m(-24).
-10
Let q(c) = c**2 - 139*c + 782. Calculate q(6).
-16
Let g(d) = 23*d**3 + 9*d + 7. Determine g(-1).
-25
Let k(c) = -192*c - 19006. Give k(-99).
2
Let o(z) = -25*z**2 - 2*z - 20. Give o(0).
-20
Let n(z) = 2*z**2 + 18*z - 484. Calculate n(13).
88
Let z(l) = l**2 + 69*l + 1139. Give z(-27).
5
Let z(r) = r**3 + 83*r**2 + 159*r - 197. Give z(-81).
46
Let x(q) = -q**2 - 84*q + 3. What is x(-84)?
3
Let n(f) = f**3 + 77*f**2 + 141*f - 626. Determine n(-75).
49
Let s(l) = -7*l**3 + 275*l**2 - 79*l + 46. What is s(39)?
7
Let a(c) = 1809*c - 75988. Calculate a(42).
-10
Let g(v) = 8*v**2 + 9*v + 20. Give g(-2).
34
Let c(j) = 2*j**2 + 10*j - 73. What is c(-9)?
-1
Let x(w) = 2*w**2 - 73*w + 651. Determine x(20).
-9
Let l(q) = 3*q**3 + 88*q**2 + 110*q - 43. Determine l(-28).
13
Let l(y) = 3*y**2 + 9*y - 437. Give l(10).
-47
Let p(d) = -d**3 - 7*d**2 - 182*d - 1289. Determine p(-7).
-15
Let v(x) = 328*x - 11135. Calculate v(34).
17
Let b(u) = -2*u**3 + 29*u**2 + 53*u - 90. What is b(16)?
-10
Let u(i) = -2*i**3 - 16*i**2 - 25*i + 11. What is u(-6)?
17
Let y(k) = 46*k**2 + 376*k + 58. Give y(-8).
-6
Let a(m) = 2*m**3 - 26*m**2 + 25*m + 20. Determine a(12).
32
Let a(k) = 6*k**2 - 99*k - 36. Calculate a(17).
15
Let g(n) = -n**2 - 71*n - 273. Determine g(-66).
57
Let q(x) = -215*x - 23424. Give q(-109).
11
Let z(a) = 3*a**2 + 231*a + 4445. Calculate z(-40).
5
Let l(r) = 7*r - 350. Determine l(25).
-175
Let d(x) = 185*x + 933. What is d(-5)?
8
Let d(o) = -23*o**3 + o**2 + 8*o - 23. Calculate d(2).
-187
Let q(h) = 2*h**3 + 49*h**2 + 67*h + 15. Give q(-23).
61
Let p(k) = 4*k**3 - 9*k**2 + 20*k - 23. What is p(6)?
637
Let b(t) = -t**2 + 29*t + 256. Give b(22).
410
Let r(u) = 3091*u + 9317. Calculate r(-3).
44
Let f(x) = -1524*x + 3. Calculate f(0).
3
Let o(i) = -20*i**3 + 2*i**2 + i + 4. Determine o(2).
-146
Let h(z) = -794*z - 2395. Determine h(-3).
-13
Let l(s) = -3*s**2 + 94*s - 507. Calculate l(14).
221
Let t(g) = 49*g**2 + 242*g - 18. Calculate t(-5).
-3
Let k(g) = g**2 + 69*g + 645. Give k(-10).
55
Let q(d) = -45*d + 385. Determine q(9).
-20
Let k(v) = 10*v + 204. Give k(-28).
-76
Let o(s) = -121*s - 855. Calculate o(-7).
-8
Let z(p) = -63*p + 4676. Calculate z(74).
14
Let f(v) = -9*v**2 - 156*v - 2. Calculate f(-15).
313
Let n(w) = -2*w**2 + 48*w + 626. What is n(-9)?
32
Let k(f) = 32*f**3 + 35*f - 35. Give k(1).
32
Let v(y) = 21*y + 483. Give v(-23).
0
Let k(f) = 1214*f**2 + 2425*f + 2. Determine k(-2).
8
Let n(j) = 4*j + 5. What is n(-11)?
-39
Let d(m) = -101*m + 304. Determine d(3).
1
Let k(z) = 108*z - 14799. Determine k(137).
-3
Let a(n) = -n**3 + 23*n**2 - 120*n + 70. What is a(14)?
154
Let f(a) = -469*a + 140701. What is f(300)?
1
Let u(n) = -5*n**3 - 385*n**2 + 2*n + 140. What is u(-77)?
-14
Let h(t) = 3*t**3 + 4*t**2 - 13*t + 3. What is h(2)?
17
Let b(r) = -460*r**2 - 9658*r + 43. Calculate b(-21).
1
Let u(h) = h**2 - 39*h + 229. Determine u(10).
-61
Let p(y) = 4*y**3 - 23*y**2 - 14*y + 21. Determine p(6).
-27
Let g(v) = 132*v - 4116. Determine g(32).
108
Let q(i) = -106*i + 760. Determine q(7).
18
Let x(o) = 2*o**2 - 32*o + 63. Give x(13).
-15
Let h(w) = w**3 + 15*w**2 + 40*w - 41. Give h(-9).
85
Let v(h) = -12*h + 109. Give v(13).
-47
Let t(g) = -11*g**3 - 143*g**2 + 32*g + 430. What is t(-13)?
14
Let y(t) = 728*t + 21782. Give y(-30).
-58
Let n(k) = -5*k**2 + 420*k - 3. Give n(84).
-3
Let k(y) = -y**2 + 1082*y + 3248. Calculate k(-3).
-7
Let u(x) = -x**3 + 25*x**2 - 11*x + 7. Calculate u(25).
-268
Let l(x) = -1570*x - 3136. Determine l(-2).
4
Let m(r) = 3*r**3 + 5*r**2 - 49*r - 13. Calculate m(-6).
-187
Let y(r) = 9*r + 30. Determine y(-6).
-24
Let m(v) = -2*v**3 - 16*v**2 - 23*v - 27. Calculate m(-6).
-33
Let z(l) = -l**2 + 51*l + 3072. Calculate z(-37).
-184
Let i(y) = -3*y**2 + 12*y + 28. What is i(5)?
13
Let h(j) = -804*j - 8883. Calculate h(-11).
-39
Let z(d) = 784*d - 14896. What is z(19)?
0
Let m(l) = 276*l + 6. Determine m(0).
6
Let w(t) = -28*t - 252. Calculate w(0).
-252
Let t(j) = -39*j**2 - 115*j + 19. Calculate t(-3).
13
Let o(d) = 12*d**2 - 5*d - 35. Give o(4).
137
Let s(o) = 33*o**2 - 129*o + 396. What is s(3)?
306
Let d(j) = 2*j**2 - 195*j + 2671. Determine d(15).
196
Let c(w) = 2*w**3 + 81*w**2 + 15*w + 2272. Calculate c(-41).
-24
Let n(o) = -2*o**3 + 16*o**2 + 64*o - 15. Give n(-3).
-9
Let u(f) = 9*f + 45. Give u(-8).
-27
Let j(o) = -o**3 + 5*o**2 - 20*o + 7. Give j(5).
-93
Let r(z) = 4*z**3 - 4*z**2 - 27*z + 72. Determine r(3).
63
Let h(z) = -105*z - 5278. What is h(-50)?
-28
Let u(x) = 184*x + 1896. Determine u(-10).
56
Let l(w) = -63*w + 1128. Give l(18).
-6
Let m(g) = -4*g**3 + 8*g**2 - g + 13. Determine m(5).
-292
Let t(r) = -55*r + 62. Determine t(1).
7
Let o(t) = -t**3 + 119*t**2 + 121*t - 127. Give o(120).
-7
Let z(m) = -14*m + 12. Give z(13).
-170
Let f(z) = z**2 + 57*z + 531. Calculate f(-43).
-71
Let f(g) = -g**3 - 7*g**2 + 42*g + 254. What is f(-5)?
-6
Let c(t) = -t**3 + 38*t**2 + 31*t + 318. Determine c(39).
6
Let z(c) = -54*c - 2813. Determine z(-52).
-5
Let z(s) = -2*s**3 + 17*s**2 + 20*s - 24. Determine z(10).
-124
Let v(g) = g**3 + 6*g**2 + 18*g - 11. What is v(0)?
-11
Let u(o) = -1332*o - 62614. Calculate u(-47).
-10
Let i(h) = 12*h - 441. Give i(44).
87
Let f(w) = 3*w**3 + 20*w**2 + 10*w + 22. Determine f(-6).
34
Let x(g) = g**3 + 13*g**2 + g - 40. Give x(-13).
-53
Let y(s) = s**2 + 1194*s + 11826. Determine y(-10).
-14
Let q(w) = -2*w**3 - 24*w**2 + 31*w + 84. Determine q(-13).
19
Let f(h) = -h**3 + 9*h**2 + 65*h - 10. What is f(-6)?
140
Let z(f) = -57*f**2 - 31*f - 115. Give z(-3).
-535
Let a(j) = -22*j + 162. Determine a(10).
-58
Let g(b) = b**3 - 4*b**2 + b + 12. Give g(5).
42
Let u(x) = 4*x**2 - 36*x - 9. What is u(9)?
-9
Let m(v) = -12120*v - 72711. Calculate m(-6).
9
Let o(m) = 230*m - 687. What is o(3)?
3
